ate the highest common divisor of a and 7.
7
Let g(s) = s**3 - s + 4. Let f be g(0). Let r be (18/f)/(18/48). Let d(z) = 23*z + 4. Let c be d(4). What is the highest common factor of c and r?
12
Let n be -3 - (-3 + -4) - 3. What is the highest common factor of 4 and n?
1
Let y(c) = c**2 + 8*c + 6. Let d be y(-6). Let l be 3 - d - (1 + 0). Calculate the greatest common factor of 32 and l.
8
Let z(g) = g**3 + 9*g**2 + 7*g + 5. Let p be z(-6). Let c = 116 - p. What is the greatest common factor of c and 18?
9
Let c be 4 - 2/((-2)/175). Let f = 107 + c. Calculate the greatest common divisor of 26 and f.
26
Let x = 74 + -20. Suppose -6 = 3*d, 0 = -3*q + 4*d + 22 + 4. Calculate the highest common factor of q and x.
6
Let s = 44 - 36. What is the greatest common factor of 2 and s?
2
Let l be -1 + (1 - 2) + -2. Let q be 3/(7/l + 1). Let x = q - -36. Calculate the highest common divisor of 80 and x.
16
Suppose -3*f + 39 - 3 = 0. Calculate the greatest common factor of 4 and f.
4
Let g be (-497)/(-9) - 6/27. What is the greatest common factor of g and 22?
11
Suppose 0 = -8*r + 7*r + 63. Suppose 4*w = 3*w + r. What is the greatest common factor of w and 42?
21
Let i(s) = -2*s**2 + 17*s + 14. Let x be i(9). Suppose -u = -5*t + 4, 3*t + 2 = 2*u + 3*u. Calculate the highest common divisor of t and x.
1
Let d be (3/(-5))/(3/(-60)). Let h be 3/(-6) - 482/(-4). What is the greatest common factor of d and h?
12
Suppose w = 5*h + 3*w - 25, 15 = 3*h + 2*w. Suppose q = h*q - 128. Calculate the greatest common factor of 80 and q.
16
Let n be 0/(3*-1) - -2. Let p be -1*(-2 - 8*n). What is the greatest common divisor of 72 and p?
18
Suppose -2*i + 3*i + 2*d = 136, -d = 2*i - 257. Calculate the greatest common factor of i and 18.
18
Suppose -2*u = -0*u + 4. Let v be (-4)/u + (-10 - -20). What is the highest common divisor of v and 96?
12
Let y = 15 - 12. Calculate the highest common divisor of 3 and y.
3
Let f(w) = -3*w + 2*w**2 + 2*w**2 + 0*w**3 + w**3. Let h be f(-4). Let t be 48*((-594)/24)/(-9). Calculate the highest common divisor of h and t.
12
Let h = -14 - -10. Let u = 10 + h. Calculate the highest common factor of u and 18.
6
Suppose -3*z - 5*n = z - 209, -4*z + 5*n + 239 = 0. Let v(g) = -g + 14. Let a be v(6). What is the greatest common divisor of z and a?
8
Let j = -639 + 959. Calculate the greatest common factor of j and 40.
40
Let x be (-28)/(-7 - -3 - -3). Let d = 3 - 2. Let z = d - -3. Calculate the greatest common factor of z and x.
4
Let y = -192 - -127. Let p = -35 - y. What is the greatest common divisor of 12 and p?
6
Suppose -4*y + 24 = 4*o + 8, 3*o + 5*y = 10. Let r = 0 + 0. Let a(q) = q**2 + q + 10. Let v be a(r). What is the highest common factor of o and v?
5
Let s = 29 - 11. Let l = s - 13. Calculate the greatest common divisor of 2 and l.
1
Let z be 56/9 + 2/(-9). Suppose 6*s - 232 = 92. What is the greatest common divisor of z and s?
6
Suppose -5*k = 3*n - 59, 4*n - 14 = -k + 59. What is the highest common divisor of n and 2?
2
Let u(b) = b**2 - 3*b - 4. Let n be u(5). Let p(y) = 2*y - 1. Let k be p(-4). Let w be (k/4)/3*-24. Calculate the highest common factor of n and w.
6
Suppose 0 = -14*c + 18*c - 32. Let r(i) = -i + 3. Let m(t) = -t**3 + t**2 - 5. Let d be m(0). Let l be r(d). What is the greatest common factor of l and c?
8
Suppose -3*t = -4*t + 190. Suppose -5*y = -4*w - t, -5*y + 288 = 4*w + 58. What is the highest common factor of y and 14?
14
Let r = 36 - 0. Let o(q) = 19*q - 3. Let d be o(3). Calculate the highest common factor of r and d.
18
Let b be 99/6*2/3. Let w = -1 + b. Let h = 20 - w. Calculate the greatest common factor of h and 15.
5
Let s be (5/2)/((-2)/(-4)). Let l = -21 - -26. What is the highest common factor of l and s?
5
Let p = 3 - -2. Let n = -3 - -4. Suppose 2*y - n = 1. What is the highest common divisor of p and y?
1
Let a be (-30)/(-5)*(-8)/(-6). Suppose -3*m = -a*m + 165. Calculate the greatest common divisor of 11 and m.
11
Suppose -840 = -4*n - 2*n. Calculate the highest common divisor of 20 and n.
20
Let f be 30 + -1 + 5 - 0. What is the greatest common factor of 85 and f?
17
Let n be 96/28*21/6. Calculate the greatest common divisor of 18 and n.
6
Let n be -1*(-4 - (-1)/1). Suppose 2*p + p = 5*d + 91, 0 = -2*p - n*d + 29. Suppose -a = a - p. What is the greatest common factor of 55 and a?
11
Suppose -1 = g - 2. Suppose 6*k = 2*k - 4. Let b be k + -2 + 54 - g. Calculate the greatest common factor of 10 and b.
10
Let k = -108 - -226. Suppose 2*z = -4*y + 40, 0 = -5*z + 5*y + k - 33. Calculate the greatest common divisor of z and 6.
6
Let x be ((-3 - -2) + 2)*-1. Let z = x + 5. What is the highest common divisor of z and 36?
4
Suppose 5*f + 38 = 4*h + 14, -3*f - 12 = 0. Let d be (h + -32 + -2)*-1. Suppose 0 = -2*y + 23 - 1. What is the greatest common factor of y and d?
11
Let u(d) = 3*d - 3. Let r be u(7). What is the greatest common factor of r and 144?
18
Suppose -5*c + 203 + 47 = 3*h, -10 = -5*c. Calculate the highest common factor of 32 and h.
16
Let g be (-3 + (-2 - -7))/(-1). Let f be g/(-1 - (-26)/28). Calculate the highest common factor of 14 and f.
14
Suppose 4 = -3*q + 49. Calculate the greatest common factor of 3 and q.
3
Suppose 0 = -v + 2*v - 24. Suppose -4*l = -2*l - v. Calculate the greatest common divisor of l and 48.
12
Let j be 1*2/2 - 54. Let p = j - -92. What is the highest common divisor of 13 and p?
13
Let y = 15 - 17. Let t be 12 + (-2 - y) + -3. What is the highest common divisor of 18 and t?
9
Let z be (4 - -1) + -2 - 0. Suppose -2*g - 39 = 3*r - 120, 4*g - 54 = -2*r. What is the greatest common factor of r and z?
3
Let f be ((-9)/(-15))/(-1)*-45. What is the highest common factor of f and 27?
27
Let a(h) = -h**2 + 21. Suppose -r + 0*r = 0. Suppose r*k = 2*k. Let n be a(k). What is the highest common factor of 231 and n?
21
Suppose -d - 286 = -5*k + 3*d, -3*k + 179 = 5*d. Suppose w = 3*l - 77, 4*w = -0*l + 2*l - k. What is the highest common factor of l and 5?
5
Let f = 2 + 32. Suppose -l - f = -3*l. What is the highest common divisor of 68 and l?
17
Let i = 8 - 5. Suppose -5*w + i*k + 68 + 6 = 0, w = -3*k + 22. Calculate the greatest common factor of 112 and w.
16
Suppose 63 = 3*q - 2*q + 4*r, -3*q + 5*r + 155 = 0. What is the highest common factor of 11 and q?
11
Suppose 4*a + 4 = -3*m, a = 4*m - 9 + 27. Suppose a + 10 = 2*q. Let y(b) = -b**2 + 7*b + 2. Let f be y(q). Calculate the highest common factor of 4 and f.
4
Let a(v) = -17*v + 4. Let t be a(-4). Let j be 3/(-18) - 101/6. Let p be 1/(j/9 - -2). What is the highest common divisor of p and t?
9
Let r be (-3)/6*-2*(-1 + 2). Suppose c - 5 = 3. Suppose d + 8 = 5*d, 3*d - c = -y. What is the greatest common divisor of r and y?
1
Let b be 12/10*(-70)/(-6). What is the highest common divisor of b and 14?
14
Suppose 0*x + 15 = 5*x. Suppose -182*a + 177*a + 15 = 0. Let r be 23/x - 2/a. What is the highest common factor of r and 7?
7
Let a be -57*(-4 + 3/3). Suppose g = -0*g + 19. Calculate the greatest common divisor of a and g.
19
Let q be (4/(-6))/(2/3). Suppose -5 = 4*c + 19. Let h be c/(q + -2 + 2). What is the highest common divisor of h and 42?
6
Let j = -42 - -71. Calculate the greatest common factor of j and 145.
29
Let g(w) = 2*w**2 + 7*w - 2. Let l be -1*(4 - -1)*1. Let r be g(l). What is the greatest common factor of 13 and r?
13
Let z be (-4)/24 - 29/6. Let v = 4 - z. What is the highest common divisor of v and 63?
9
Let m be 6/(-21) + (-360)/(-35) + -2. What is the highest common divisor of m and 16?
8
Let a(s) = 2*s**2 + 6*s - 10. Let n(y) = -y**2 - 4*y + 7. Let g(d) = 5*a(d) + 7*n(d). Let b be g(-2). What is the greatest common divisor of 21 and b?
7
Let r = 3 - 5. Let x be ((-8)/r)/2 - 0. Let n be 53/3 + 1/3. What is the greatest common factor of n and x?
2
Let z(f) = 10*f + 2. Let a be z(4). Let y = 130 - a. Calculate the greatest common factor of y and 8.
8
Let u = 165 + -82. Let a = -48 + u. Let z(k) = -k**3 - k**2 - 3*k - 5. Let i be z(-2). What is the highest common factor of i and a?
5
Suppose -4*v - 3*c = 9, -2*v - 3*v = 4*c + 10. Let n(u) = -2*u - 6. Let g be n(v). What is the highest common divisor of 24 and g?
6
Let p(k) = -3*k - 43. Let a(g) = -7*g - 85. Let m(q) = 2*a(q) - 5*p(q). Let i be m(0). C